{"id":16,"date":"2012-05-18T09:57:04","date_gmt":"2012-05-18T09:57:04","guid":{"rendered":"http:\/\/carneval-club-boeckels.de\/?page_id=16"},"modified":"2022-11-20T12:36:13","modified_gmt":"2022-11-20T12:36:13","slug":"impressum","status":"publish","type":"page","link":"https:\/\/carneval-club-boeckels.de\/index.php\/impressum\/","title":{"rendered":"Impressum"},"content":{"rendered":"<h1><span style=\"font-family: 'Comic Sans MS', sans-serif; font-size: 24pt; color: #ff0000;\">Impressum<\/span><\/h1>\n<p><span style=\"font-family: 'Comic Sans MS', sans-serif;\">Angaben gem\u00e4\u00df \u00a7 5 TMG:<\/span><\/p>\n<p><span style=\"font-family: 'Comic Sans MS', sans-serif;\">Carneval-Club-B\u00f6ckels e.V.<\/span><\/p>\n<p><span style=\"font-family: 'Comic Sans MS', sans-serif;\">Johann-Scheffer-Str.12<\/span><\/p>\n<p><span style=\"font-family: 'Comic Sans MS', sans-serif;\">36100 Petersberg\/St\u00f6ckels<\/span><\/p>\n<h2><span style=\"font-family: 'Comic Sans MS', sans-serif;\">Vertreten durch:<\/span><\/h2>\n<p><span style=\"font-family: 'Comic Sans MS', sans-serif;\">Herr Peter Schell<\/span><\/p>\n<h2><span style=\"font-family: 'Comic Sans MS', sans-serif;\">Kontakt:<\/span><\/h2>\n<table>\n<tbody>\n<tr>\n<td><span style=\"font-family: 'Comic Sans MS', sans-serif;\">Telefon:<\/span><\/td>\n<td><span style=\"font-family: 'Comic Sans MS', sans-serif;\">+49 (0) 160 7206850<\/span><\/td>\n<\/tr>\n<tr>\n<td><span style=\"font-family: 'Comic Sans MS', sans-serif;\">E-Mail:<\/span><\/td>\n<td><span style=\"font-family: Comic Sans MS, sans-serif;\">schell1707@gmail.com<\/span><\/td>\n<\/tr>\n<\/tbody>\n<\/table>\n<h2><span style=\"font-family: 'Comic Sans MS', sans-serif;\">Registereintrag:<\/span><\/h2>\n<p><span style=\"font-family: 'Comic Sans MS', sans-serif;\">Eintragung im Vereinsregister.<\/span><br \/>\n<span style=\"font-family: 'Comic Sans MS', sans-serif;\"> Registergericht: Fulda<\/span><br \/>\n<span style=\"font-family: 'Comic Sans MS', sans-serif;\"> Registernummer: 55UR1705<\/span><\/p>\n<p><span style=\"font-size: 18pt;\"><strong><span style=\"font-family: 'Comic Sans MS', sans-serif;\">Verantwortlich f\u00fcr die Homepage:<\/span><\/strong><\/span><\/p>\n<p><span style=\"font-family: 'Comic Sans MS', sans-serif;\">R\u00fcdiger Bech | E-Mail: rbech@web.de<\/span><\/p>\n<h2><span style=\"font-family: 'Comic Sans MS', sans-serif;\">Haftungsausschluss:<\/span><\/h2>\n<p><span style=\"font-family: 'Comic Sans MS', sans-serif;\"><strong>Haftung f\u00fcr Inhalte<\/strong><\/span><\/p>\n<p><span style=\"font-family: 'Comic Sans MS', sans-serif;\">Die Inhalte unserer Seiten wurden mit gr\u00f6\u00dfter Sorgfalt erstellt.<\/span><br \/>\n<span style=\"font-family: 'Comic Sans MS', sans-serif;\"> F\u00fcr die Richtigkeit, Vollst\u00e4ndigkeit und Aktualit\u00e4t der Inhalte<\/span><br \/>\n<span style=\"font-family: 'Comic Sans MS', sans-serif;\"> k\u00f6nnen wir jedoch keine Gew\u00e4hr \u00fcbernehmen. Als Diensteanbieter sind wir gem\u00e4\u00df \u00a7 7 Abs.1 TMG f\u00fcr<\/span><br \/>\n<span style=\"font-family: 'Comic Sans MS', sans-serif;\"> eigene Inhalte auf diesen Seiten nach den allgemeinen Gesetzen verantwortlich.<\/span><br \/>\n<span style=\"font-family: 'Comic Sans MS', sans-serif;\"> Nach \u00a7\u00a7 8 bis 10 TMG sind wir als Diensteanbieter jedoch nicht<\/span><br \/>\n<span style=\"font-family: 'Comic Sans MS', sans-serif;\"> verpflichtet, \u00fcbermittelte oder gespeicherte fremde Informationen zu<\/span><br \/>\n<span style=\"font-family: 'Comic Sans MS', sans-serif;\"> \u00fcberwachen oder nach Umst\u00e4nden zu forschen, die auf eine rechtswidrige<\/span><br \/>\n<span style=\"font-family: 'Comic Sans MS', sans-serif;\"> T\u00e4tigkeit hinweisen. Verpflichtungen zur Entfernung oder Sperrung der<\/span><br \/>\n<span style=\"font-family: 'Comic Sans MS', sans-serif;\"> Nutzung von Informationen nach den allgemeinen Gesetzen bleiben hiervon<\/span><br \/>\n<span style=\"font-family: 'Comic Sans MS', sans-serif;\"> unber\u00fchrt. Eine diesbez\u00fcgliche Haftung ist jedoch erst ab dem<\/span><br \/>\n<span style=\"font-family: 'Comic Sans MS', sans-serif;\"> Zeitpunkt der Kenntnis einer konkreten Rechtsverletzung m\u00f6glich. Bei<\/span><br \/>\n<span style=\"font-family: 'Comic Sans MS', sans-serif;\"> Bekanntwerden von entsprechenden Rechtsverletzungen werden wir diese Inhalte<\/span><br \/>\n<span style=\"font-family: 'Comic Sans MS', sans-serif;\"> umgehend entfernen.<\/span><\/p>\n<p><span style=\"font-family: 'Comic Sans MS', sans-serif;\"><strong>Haftung f\u00fcr Links<\/strong><\/span><\/p>\n<p><span style=\"font-family: 'Comic Sans MS', sans-serif;\">Unser Angebot enth\u00e4lt Links zu externen Webseiten Dritter, auf deren<\/span><br \/>\n<span style=\"font-family: 'Comic Sans MS', sans-serif;\"> Inhalte wir keinen Einfluss haben. Deshalb k\u00f6nnen wir f\u00fcr diese<\/span><br \/>\n<span style=\"font-family: 'Comic Sans MS', sans-serif;\"> fremden Inhalte auch keine Gew\u00e4hr \u00fcbernehmen. F\u00fcr die Inhalte<\/span><br \/>\n<span style=\"font-family: 'Comic Sans MS', sans-serif;\"> der verlinkten Seiten ist stets der jeweilige Anbieter oder Betreiber der<\/span><br \/>\n<span style=\"font-family: 'Comic Sans MS', sans-serif;\"> Seiten verantwortlich. Die verlinkten Seiten wurden zum Zeitpunkt der Verlinkung<\/span><br \/>\n<span style=\"font-family: 'Comic Sans MS', sans-serif;\"> auf m\u00f6gliche Rechtsverst\u00f6\u00dfe \u00fcberpr\u00fcft. Rechtswidrige<\/span><br \/>\n<span style=\"font-family: 'Comic Sans MS', sans-serif;\"> Inhalte waren zum Zeitpunkt der Verlinkung nicht erkennbar. Eine permanente<\/span><br \/>\n<span style=\"font-family: 'Comic Sans MS', sans-serif;\"> inhaltliche Kontrolle der verlinkten Seiten ist jedoch ohne konkrete Anhaltspunkte<\/span><br \/>\n<span style=\"font-family: 'Comic Sans MS', sans-serif;\"> einer Rechtsverletzung nicht zumutbar. Bei Bekanntwerden von Rechtsverletzungen<\/span><br \/>\n<span style=\"font-family: 'Comic Sans MS', sans-serif;\"> werden wir derartige Links umgehend entfernen.<\/span><\/p>\n<p><span style=\"font-family: 'Comic Sans MS', sans-serif;\"><strong>Urheberrecht<\/strong><\/span><\/p>\n<p><span style=\"font-family: 'Comic Sans MS', sans-serif;\">Die durch die Seitenbetreiber erstellten Inhalte und Werke auf diesen Seiten<\/span><br \/>\n<span style=\"font-family: 'Comic Sans MS', sans-serif;\"> unterliegen dem deutschen Urheberrecht. Die Vervielf\u00e4ltigung, Bearbeitung, Verbreitung und<\/span><br \/>\n<span style=\"font-family: 'Comic Sans MS', sans-serif;\"> jede Art der Verwertung au\u00dferhalb der Grenzen des Urheberrechtes bed\u00fcrfen<\/span><br \/>\n<span style=\"font-family: 'Comic Sans MS', sans-serif;\"> der schriftlichen Zustimmung des jeweiligen Autors bzw. Erstellers. Downloads<\/span><br \/>\n<span style=\"font-family: 'Comic Sans MS', sans-serif;\"> und Kopien dieser Seite sind nur f\u00fcr den privaten, nicht kommerziellen<\/span><br \/>\n<span style=\"font-family: 'Comic Sans MS', sans-serif;\"> Gebrauch gestattet. Soweit die Inhalte auf dieser Seite nicht vom Betreiber erstellt wurden,<\/span><br \/>\n<span style=\"font-family: 'Comic Sans MS', sans-serif;\"> werden die Urheberrechte Dritter beachtet. Insbesondere werden Inhalte Dritter als solche<\/span><br \/>\n<span style=\"font-family: 'Comic Sans MS', sans-serif;\"> gekennzeichnet. Sollten Sie trotzdem auf eine Urheberrechtsverletzung aufmerksam werden, bitten wir um einen entsprechenden Hinweis.<\/span><br \/>\n<span style=\"font-family: 'Comic Sans MS', sans-serif;\"> Bei Bekanntwerden von Rechtsverletzungen werden wir derartige Inhalte umgehend entfernen.<\/span><\/p>\n<p><span style=\"font-family: 'Comic Sans MS', sans-serif;\"><strong>Datenschutz<\/strong><\/span><\/p>\n<p><span style=\"font-family: 'Comic Sans MS', sans-serif;\">Die Nutzung unserer Webseite ist in der Regel ohne Angabe personenbezogener Daten m\u00f6glich. Soweit auf unseren Seiten personenbezogene Daten (beispielsweise Name,<\/span><br \/>\n<span style=\"font-family: 'Comic Sans MS', sans-serif;\"> Anschrift oder eMail-Adressen) erhoben werden, erfolgt dies, soweit m\u00f6glich, stets auf freiwilliger Basis. Diese Daten werden ohne Ihre ausdr\u00fcckliche Zustimmung nicht an Dritte weitergegeben.<\/span><\/p>\n<p><span style=\"font-family: 'Comic Sans MS', sans-serif;\">Wir weisen darauf hin, dass die Daten\u00fcbertragung im Internet (z.B.<\/span><br \/>\n<span style=\"font-family: 'Comic Sans MS', sans-serif;\"> bei der Kommunikation per E-Mail) Sicherheitsl\u00fccken aufweisen kann.<\/span><br \/>\n<span style=\"font-family: 'Comic Sans MS', sans-serif;\"> Ein l\u00fcckenloser Schutz der Daten vor dem Zugriff durch Dritte ist nicht<\/span><br \/>\n<span style=\"font-family: 'Comic Sans MS', sans-serif;\"> m\u00f6glich.<\/span><\/p>\n<p><span style=\"font-family: 'Comic Sans MS', sans-serif;\">Der Nutzung von im Rahmen der Impressumspflicht ver\u00f6ffentlichten Kontaktdaten<\/span><br \/>\n<span style=\"font-family: 'Comic Sans MS', sans-serif;\"> durch Dritte zur \u00dcbersendung von nicht ausdr\u00fccklich angeforderter<\/span><br \/>\n<span style=\"font-family: 'Comic Sans MS', sans-serif;\"> Werbung und Informationsmaterialien wird hiermit ausdr\u00fccklich widersprochen.<\/span><br \/>\n<span style=\"font-family: 'Comic Sans MS', sans-serif;\"> Die Betreiber der Seiten behalten sich ausdr\u00fccklich rechtliche Schritte<\/span><br \/>\n<span style=\"font-family: 'Comic Sans MS', sans-serif;\"> im Falle der unverlangten Zusendung von Werbeinformationen, etwa durch Spam-Mails,<\/span><br \/>\n<span style=\"font-family: 'Comic Sans MS', sans-serif;\"> vor.<\/span><\/p>\n<p><span style=\"font-family: 'Comic Sans MS', sans-serif;\"><em>Quellen: <a href=\"http:\/\/www.e-recht24.de\/muster-disclaimer.htm\" target=\"_blank\" rel=\"noopener\">Disclaimer<\/a> von eRecht24, dem Portal zum Internetrecht von Rechtsanwalt S\u00f6ren Siebert<\/em><\/span><\/p>\n","protected":false},"excerpt":{"rendered":"<p>Impressum Angaben gem\u00e4\u00df \u00a7 5 TMG: Carneval-Club-B\u00f6ckels e.V. Johann-Scheffer-Str.12 36100 Petersberg\/St\u00f6ckels Vertreten durch: Herr Peter Schell Kontakt: Telefon: +49 (0) 160 7206850 E-Mail: schell1707@gmail.com Registereintrag: Eintragung im Vereinsregister. Registergericht: Fulda Registernummer: 55UR1705 Verantwortlich f\u00fcr die<\/p>\n","protected":false},"author":666667,"featured_media":0,"parent":0,"menu_order":0,"comment_status":"closed","ping_status":"closed","template":"","meta":{"ngg_post_thumbnail":0,"footnotes":""},"class_list":["post-16","page","type-page","status-publish","hentry"],"_links":{"self":[{"href":"https:\/\/carneval-club-boeckels.de\/index.php\/wp-json\/wp\/v2\/pages\/16","targetHints":{"allow":["GET"]}}],"collection":[{"href":"https:\/\/carneval-club-boeckels.de\/index.php\/wp-json\/wp\/v2\/pages"}],"about":[{"href":"https:\/\/carneval-club-boeckels.de\/index.php\/wp-json\/wp\/v2\/types\/page"}],"author":[{"embeddable":true,"href":"https:\/\/carneval-club-boeckels.de\/index.php\/wp-json\/wp\/v2\/users\/666667"}],"replies":[{"embeddable":true,"href":"https:\/\/carneval-club-boeckels.de\/index.php\/wp-json\/wp\/v2\/comments?post=16"}],"version-history":[{"count":0,"href":"https:\/\/carneval-club-boeckels.de\/index.php\/wp-json\/wp\/v2\/pages\/16\/revisions"}],"wp:attachment":[{"href":"https:\/\/carneval-club-boeckels.de\/index.php\/wp-json\/wp\/v2\/media?parent=16"}],"curies":[{"name":"wp","href":"https:\/\/api.w.org\/{rel}","templated":true}]}}